
Let c(o) = -o**2 - 8*o - 8. Let f(p) = p**2 + 9*p + 9. Let t(v) = 4*c(v) + 3*f(v). Let a = 2 + -7. Determine t(a).
-5
Let l(v) be the third derivative of -v**8/6720 + v**7/420 - v**6/240 - v**5/20 + v**4/12 + v**2. Let q(b) be the second derivative of l(b). What is q(5)?
4
Let c(a) = 6 + 1 + a**2 - 10 - 2*a. Calculate c(-2).
5
Let n(l) = 2*l - 1. Let d be n(-2). Let m be 2/((-1 - -2)/2). Let k(y) = 9 - y**2 - m - y - 2*y. Calculate k(d).
-5
Let j(t) = 2 + 3 - 3 - 3. Let x be 2/(-2) - 6/(-3). Let c(y) = -2*y + 7. Let f(s) = x*c(s) + 6*j(s). Determine f(-3).
7
Let y be ((-2)/2)/(1/7). Let c(v) = -7*v**3 - v**2 + 5*v + 10. Let t(j) = -8*j**3 - j**2 + 6*j + 11. Let f(n) = y*c(n) + 6*t(n). Suppose -5*i = -4*i. Give f(i).
-4
Let p(r) = -r**2 - 7*r - 3. Let m(i) = i**3 - i**2 + i - 12. Let g be m(0). Let d = 6 + g. What is p(d)?
3
Let h be (-3)/(-1) - (1 - 1). Let a(c) = -39*c + 2 + 32*c - h. Determine a(1).
-8
Suppose -11 = 4*v + 9, 3*v = -4*x - 27. Let f(y) = -y**3 + 2*y**2 + y + 1. Let t(l) = l**3 - 3*l**2 - 1. Let c(d) = -4*f(d) - 3*t(d). Determine c(x).
-7
Let d(t) = 5*t + 1. Let f be 7 - (-1 - (-1 + -1)). Suppose 7 - f = k. Calculate d(k).
6
Let c(k) = -2*k + 5*k - 2*k. Determine c(-5).
-5
Let o(j) = 3*j**2 + 2*j - 5. Let s(g) = -13*g**2 - 8*g + 21. Let q(p) = 9*o(p) + 2*s(p). Suppose 0 = -0*t + 4*t + 12. What is q(t)?
0
Let f(t) = -t**3 + 3 - 3*t**2 + 7 - 3*t**2 - 2. Suppose -3*w + 7 - 25 = 0. Calculate f(w).
8
Let d(f) be the second derivative of 0 + 1/3*f**3 + 0*f**2 - 2*f. Let x = -4 + 3. Give d(x).
-2
Suppose 4*a - 4*i = 0, 7*i - 3*i = -a + 10. Let p(f) be the first derivative of 1/2*f**a + 0*f - 2. Calculate p(-3).
-3
Let q(y) = -y**3 + y**2 + 2*y + 1. Let w be q(-1). Suppose 4*l + 7 + w = 0. Let k(n) = 4*n**2 + 2*n - 1. Give k(l).
11
Let p(r) = r**3 + 7*r**2 - 2*r - 10. Let l be p(-7). Let i(f) be the first derivative of -f**4/4 + 2*f**3 - 5*f**2/2 - 4*f + 9. What is i(l)?
8
Let i(t) = -t**2 + 5*t - 6. Let a = 0 + 6. Determine i(a).
-12
Suppose -4*a = 5*q + 55, -a = -0*q - 3*q + 1. Let r = a + 5. Let j(w) = -w. Let p(d) = -3*d - 2. Let n(o) = -7*j(o) + 3*p(o). Determine n(r).
4
Let t(f) = -2*f**3 + 5*f**2 - 3*f + 1. Suppose -5*v - y = 2*y - 21, 9 = v + 3*y. Calculate t(v).
-17
Suppose 4*u - 24 = 5*q, 0 = -3*q + 4*q + 4*u. Let z(d) be the second derivative of -d**4/6 - 7*d**3/6 - 2*d**2 - d. Determine z(q).
-8
Let m(z) = -3*z**2 + 6*z - 9. Let k(y) = -y**2 + 3*y - 5. Let l(w) = 5*k(w) - 2*m(w). What is l(-5)?
3
Let s be 78/16 + (-10)/(-80). Let z(i) = 6 + 11*i**3 + s*i - 3*i - 5. What is z(-1)?
-12
Let i(l) = 13*l + l**2 + 0*l**2 + 8*l - 2 - 18*l. Give i(-5).
8
Let f(z) = 12 - z - 30 + 17. What is f(4)?
-5
Let v = -21 + 15. Let g(y) = -2*y - 6. Determine g(v).
6
Let p(q) = q**2 - 11. Let m = 42 + -16. Let b be m/6 - 4/12. Suppose 5*s = 25, -2*s = b*w - 7 - 3. Give p(w).
-11
Let a(q) = -q + 359 - 181 - 185. Give a(0).
-7
Let m(b) = 1 + 5*b - 5*b + 5 + 4*b. Give m(-5).
-14
Let y(m) = 2*m**3 - 3*m**2 + m - 2. Let t = 5 - 1. Suppose t*r = r + 6, -g + 5*r = 8. Determine y(g).
4
Let g(q) = 0*q - 84 + 2*q + 77. Let t(h) = -h**2 + 2*h + 3. Let k be t(3). Suppose -5*r + 6 + 19 = k. Determine g(r).
3
Let p(k) = -k**3 - 7*k**2 + 2*k + 10. Let b be p(-7). Let g be 1/2 - 46/b. Suppose 0 = -4*n - 4 - g. Let j(v) = -v + 3. Determine j(n).
7
Let y be 4 - 2*1/(-2). Suppose 3*g = -y*q - 26, -q - 22 = g + 4*q. Let t(j) = 5*j. Give t(g).
-10
Let i(o) = 0*o + o**2 - 2*o**2 + 4 + 5*o - o. Determine i(4).
4
Suppose -4*y = -3*t + 23, 45 = 5*t - 3*y + 14. Let a(f) = -f**3 + 6*f**2 - 6*f - 3. Determine a(t).
-8
Let w = -3 - -4. Suppose w + 0 = h. Let t(p) be the first derivative of -p**2 + p - 8. Calculate t(h).
-1
Let j be 0 - (-2)/(-4)*-10. Suppose -c + j*c - 8 = 0. Let w(z) = 0*z**2 + z**2 - 3 + 4 - z. Determine w(c).
3
Let v(g) = g**3 - 2*g**2 + g + 4. Let x be v(0). Let i(h) = 6*h - 4. Give i(x).
20
Let t = 19 + -13. Suppose -4*q - 3 + t = y, 0 = -3*y - 5*q + 2. Let r(u) be the third derivative of -u**6/30 - u**5/30 - u**4/24 - 4*u**2. Calculate r(y).
3
Let g be (-290)/(-9) - 8/36. Let o be 1/(-3) - g/12. Let b(p) = p**2. Give b(o).
9
Let m(s) = -189 + 187 - s**2 - 2*s**2 - 3*s - s**3. Suppose 0*z - 4 = 2*z. Determine m(z).
0
Let l(p) = -4*p. Let x be l(-1). Let f(i) = i - 1. Calculate f(x).
3
Suppose 6 + 2 = -4*k. Let r be (-4 + 2)*(-3)/3. Let o(h) = -r*h**2 - 4*h + h - 9*h**3 + 10*h**3. Determine o(k).
-10
Let g(t) = 23*t + 4. Let y(d) = -11*d - 2. Let o(a) = 2*g(a) + 5*y(a). Let j(c) = -5*c - 1. Let i(b) = -5*j(b) + 2*o(b). Determine i(1).
8
Let b(q) be the second derivative of -q**4/12 + 2*q**3/3 - 2*q**2 - 4*q. Determine b(3).
-1
Suppose -4*m = -m + 15. Let f(j) = -j**2 - 5*j - 1. Let p(t) be the second derivative of t**4/12 + t**3/6 + t. Let o(z) = m*p(z) - f(z). Determine o(-1).
-3
Let z(s) = -s**3 - 8*s**2 - 4*s - 11. Let n be z(-8). Suppose h = 5*v + n, -2*v + h = -5*v - 19. Let p(b) = b + 7. Determine p(v).
2
Suppose 5*n = 2*j + 39, 3*n - 4*j - 24 = -n. Let f(v) = -v**2 + 11*v - 13. Calculate f(n).
5
Let m(q) = -6*q**2 + 9*q - 11. Let l(n) = n**2 - 2*n + 2. Let u = -8 + 6. Let p(s) = u*m(s) - 11*l(s). Calculate p(-3).
-3
Let k = 36 - 215/6. Let j(i) be the second derivative of 0 + k*i**3 + 3*i + 5*i**2. What is j(-5)?
5
Let r(y) = -1 - 101*y - y**3 - 5*y**2 + 7 + 103*y. Give r(-5).
-4
Suppose f = -5*z + 19, -9 = -5*z + 2*z. Let r(x) = 5*x**2 + 4*x - 10. Let o(t) = -6*t**2 - 4*t + 11. Let p(w) = -6*o(w) - 7*r(w). Give p(f).
4
Let k(u) be the first derivative of -10*u - 1/2*u**2 + 4. Determine k(0).
-10
Let b(h) = -2*h**3 + 13*h**2 - 13*h + 4. Let d(g) = -g**3 + 6*g**2 - 6*g + 2. Let r(w) = 2*b(w) - 5*d(w). Let o(s) = -s. Let n be o(-3). Determine r(n).
1
Let d(w) be the third derivative of w**5/30 - w**4/12 + w**3/6 - w**2. What is d(1)?
1
Let t = 3 - 1. Suppose -p + 15 = -5*c, -2*c - 2 - t = 0. Let x(f) = -f**2 + 5*f - 3. What is x(p)?
-3
Let w = 1 + -1. Let j(y) be the first derivative of -1/2*y**2 - 1/4*y**4 + y - 1/3*y**3 + 2. Give j(w).
1
Let h(b) = 4*b**2 - b - 1. Let v be (2/(-6))/(3/(-18)). Suppose l - p + 2*p = 8, 32 = 5*l + 3*p. Suppose v*x = -2*g + l*x + 4, -3*x = 9. What is h(g)?
4
Suppose -5*g + 4*o + 14 = 0, -2*g + 2*o + 10 = g. Let m be 4 - (-3 + 0 + g). Let p(y) = 8*y - 1. Determine p(m).
7
Let p = -22 - -28. Let g(x) = 2*x**2 + 5 - 3*x**2 - 3 + 7*x. What is g(p)?
8
Let f(u) = -3*u + 1. Let t(q) = 26*q - 9. Let m(h) = 51*f(h) + 6*t(h). Let v be 8/(-6)*(-3)/2. What is m(v)?
3
Let j(t) be the first derivative of t**3/3 + 4*t + 6. Let q(s) = -s**2 + s. Let l(m) = -j(m) - 2*q(m). What is l(-3)?
11
Let h(g) = 0 - 2 + 3*g - 5*g. Let a be 27/6 + 1/2. Suppose 3 = -4*j - a. Determine h(j).
2
Suppose -2*j = -4*z - z + 10, -5*j - 25 = -2*z. Suppose -5*c = -o - z*o - 1, 2*c = -2*o + 10. Let u(p) = 0*p + o*p - 3*p - 5. Determine u(4).
-1
Let d(s) be the third derivative of -s**5/60 + s**4/24 + s**3/2 + 3*s**2. Let a be d(0). Let x(b) = b**2 - 2*b - 2. What is x(a)?
1
Let c(i) = -3*i + 0 - 4 + 5*i**2 - 3*i**2. Let w(u) = u**2 + 7*u + 9. Let s be w(-6). Suppose s*g - 1 - 8 = 0. Give c(g).
5
Suppose 0 = -10*i + 6*i. Suppose i = 4*o - 16, 2*x - 3*o + 20 = -2*x. Let t(s) = 3*s. Give t(x).
-6
Let v(o) = -5 - o + 0 - 3. Suppose 4*i + 0*i = -32. Let b(q) = q**3 + 9*q**2 + 8*q - 6. Let a be b(i). Give v(a).
-2
Let k(t) = -t + 2. Suppose -q - 4*q = 0. Calculate k(q).
2
Let r(d) = d**2 + d - 4. Let i(n) = -n**3 + 10*n**2 - 4. Let t be i(10). Give r(t).
8
Let o(k) = 2*k**3 + 8*k**2 + 4*k + 5. Let h(u) = u**2 + u + 1. Let g(t) = 6*h(t) - o(t). Determine g(-2).
5
Let y(w) = -w + 4. Suppose 73 = 5*x + 18. Suppose -2*z + 5*g = 3*z - 40, -3*z - 4*g - x = 0. Suppose -z*r = 4*c + 13, 0 = r + c - 6*c - 2. What is y(r)?
7
Let b(o) be the third derivative of -o**7/840 + o**6/360 + o**5/120 - 13*o**4/24 - 2*o**3/3 - 5*o**2. Let h(f) be the first derivative of b(f). Determine h(0).
-13
Let d(f) = -f**2 + 2*f + 1. Let b(z) = -z**2 + 3*z + 3. Let t be b(-2). Let i = 4 + t. Let y be 2/(12/i)*2. Give d(y).
-2
Let n(k) = 2*k. Let q be 0 + (-4 - (-1 + -1)). Give n(q).
-4
Let m(p) be the first derivative of -p**2 + 3. Determine m(-5).
10
Let o(i) = i**2 - i - 1. Let c(v) = 2 + 4*v - 3*v**2 + v**2 - 2*v. Let r(f) = -4*c(f) - 7*o(f). Calculate r(-1).
1
Let d(k) be the secon